 (base 3) to base 9.
-351
Convert -465c (base 15) to base 8.
-35131
-372c (base 13) to base 10
-7812
What is 3895 (base 10) in base 7?
14233
What is 312203 (base 5) in base 10?
10303
What is 25e (base 16) in base 11?
501
Convert -10004 (base 7) to base 14.
-c3b
15fe (base 16) to base 15
1a05
Convert 732 (base 8) to base 9.
576
-1354 (base 7) to base 16
-211
What is 12645 (base 7) in base 12?
1b86
What is -2305 (base 12) in base 5?
-111033
What is -1022030 (base 4) in base 3?
-20111212
What is -1b0 (base 13) in base 4?
-10320
Convert 82d (base 15) to base 4.
130303
Convert 227757 (base 8) to base 10.
77807
Convert -12010111 (base 3) to base 16.
-e9b
-1011010011 (base 3) to base 6
-253004
What is -21761 (base 9) in base 12?
-8461
124402 (base 6) to base 10
11378
What is 11010100110111 (base 2) in base 8?
32467
What is -1007 (base 11) in base 6?
-10110
-133130 (base 5) to base 7
-21534
What is 3331333 (base 4) in base 13?
7525
-33427 (base 11) to base 7
-261123
What is -388a6 (base 11) in base 5?
-3240110
What is -2555 (base 8) in base 15?
-629
What is 489 (base 13) in base 4?
30111
Convert -305105 (base 6) to base 14.
-8ca5
What is 2332 (base 4) in base 10?
190
What is -5702 (base 8) in base 12?
-18aa
3120 (base 4) to base 11
187
-1100100101101000 (base 2) to base 13
-1a612
-4b51 (base 14) to base 15
-3da3
What is -46b (base 14) in base 4?
-31233
2730 (base 11) to base 9
4765
Convert -10011323 (base 4) to base 13.
-7826
What is 6321 (base 9) in base 13?
2158
What is 122013 (base 4) in base 16?
687
-b67 (base 15) to base 10
-2572
Convert 63871 (base 9) to base 6.
523401
Convert -133201 (base 4) to base 15.
-8e7
Convert 11011011001 (base 2) to base 7.
5053
555543 (base 6) to base 9
70880
-3122 (base 4) to base 12
-162
What is -10112 (base 3) in base 13?
-74
What is 8c68 (base 14) in base 6?
304540
Convert -29427 (base 11) to base 4.
-22030232
Convert -2b48 (base 12) to base 9.
-6882
What is -1e62 (base 15) in base 3?
-100002002
Convert -114652 (base 7) to base 9.
-31614
What is 132320 (base 5) in base 16?
14d7
Convert -3a2 (base 11) to base 14.
-25d
7d8 (base 14) to base 6
11122
What is 10333 (base 5) in base 3?
222121
Convert -801 (base 14) to base 12.
-aa9
1233 (base 14) to base 11
2432
Convert 148 (base 14) to base 11.
217
What is -5bb (base 15) in base 3?
-1210012
What is -19565 (base 10) in base 16?
-4c6d
-13614 (base 7) to base 16
-e97
What is -111110010010100 (base 2) in base 8?
-76224
-12012 (base 4) to base 15
-1b0
What is -1030 (base 5) in base 15?
-95
126 (base 11) to base 3
12112
What is -16266 (base 7) in base 8?
-10775
-14350 (base 6) to base 2
-100011111010
What is a357 (base 14) in base 2?
110110111001001
628 (base 12) to base 2
1110000000
Convert 235055 (base 6) to base 7.
113633
9894 (base 10) to base 16
26a6
Convert -11403 (base 5) to base 8.
-1525
a82 (base 12) to base 10
1538
What is 2220010121 (base 3) in base 4?
31321333
Convert 10022 (base 8) to base 14.
16dc
What is -11101001011 (base 2) in base 15?
-847
What is -972 (base 14) in base 12?
-10b4
Convert -713 (base 15) to base 4.
-120321
100111011011 (base 2) to base 15
b33
Convert -6157 (base 8) to base 3.
-11100220
What is -5b57 (base 15) in base 8?
-45750
Convert 12231020 (base 4) to base 8.
65510
What is 24c (base 15) in base 6?
2230
Convert 6016 (base 8) to base 5.
44321
10110100101011 (base 2) to base 13
5356
What is 81 (base 14) in base 3?
11012
What is -23034 (base 5) in base 8?
-3154
Convert -1441313 (base 5) to base 7.
-155615
-1731 (base 9) to base 7
-3601
What is 13210122 (base 4) in base 13?
1115a
3240 (base 5) to base 2
110111101
-2640 (base 7) to base 10
-1008
What is -12512 (base 12) in base 8?
-60536
What is e234 (base 15) in base 9?
72444
Convert -111110010111 (base 2) to base 12.
-2387
Convert 5544 (base 8) to base 15.
ce6
What is 584 (base 15) in base 7?
3433
8d (base 15) to base 13
a3
What is ea7 (base 16) in base 6?
25211
Convert 3221 (base 7) to base 10.
1142
What is -201102 (base 3) in base 13?
-314
102202220 (base 3) to base 9
12686
Convert -7a6 (base 14) to base 5.
-22033
Convert -3288 (base 15) to base 13.
-4b44
What is 1011110001 (base 2) in base 12?
529
What is -1360 (base 15) in base 11?
-3124
What is -11240 (base 5) in base 11?
-686
What is -10211 (base 4) in base 7?
-566
What is -100012 (base 3) in base 13?
-161
8b2b (base 13) to base 15
5b82
What is -100110110011 (base 2) in base 7?
-10145
-3426 (base 8) to base 12
-1072
-134266 (base 8) to base 13
-186a5
Convert -142101 (base 5) to base 3.
-22002120
Convert 21134 (base 6) to base 4.
230302
Convert -5220 (base 11) to base 13.
-31c3
7331 (base 8) to base 16
ed9
Convert 9355 (base 10) to base 13.
4348
59920 (base 10) to base 3
10001012021
2616 (base 8) to base 11
1083
What is -22100230 (base 4) in base 8?
-122054
Convert -c2b (base 14) to base 3.
-10021120
204203 (base 8) to base 16
10883
162 (base 10) to base 3
20000
-7471 (base 10) to base 12
-43a7
Convert 71553 (base 8) to base 5.
1421142
Convert -165c (base 15) to base 7.
-20013
What is 1001010010011110 (base 2) in base 8?
112236
Convert 266 (base 11) to base 10.
314
Convert 186 (base 10) to base 3.
20220
What is 357a7 (base 11) in base 4?
30211112
-2286b (base 12) to base 14
-12b75
-12358 (base 10) to base 7
-51013
Convert -24472 (base 9) to base 14.
-5db5
Convert -5334 (base 6) to base 3.
-1122211
What is -1da0 (base 15) in base 3?
-22211220
Convert 7263 (base 12) to base 16.
30ab
-11488 (base 12) to base 10
-23144
What is 14a1 (base 11) in base 10?
1926
1b63 (base 12) to base 4
310323
-201302 (base 4) to base 9
-2862
-1000120 (base 3) to base 5
-10434
What is -b3d (base 15) in base 4?
-213211
401 (base 6) to base 11
122
What is 424 (base 11) in base 13?
303
Convert -20535 (base 7) to base 2.
-1001111010001
Convert -11250 (base 7) to base 13.
-1404
Convert -40340 (base 5) to base 11.
-1a4a
What is -2162 (base 9) in base 2?
-11000111011
-101002021 (base 3) to base 12
-4307
Convert 1133 (base 8) to base 7.
1521
Convert 2123 (base 4) to base 14.
b1
What is -15771 (base 8) in base 7?
-26610
-44531 (base 6) to base 14
-23c3
30562 (base 8) to base 15
3b3d
Convert 353 (base 13) to base 10.
575
Convert 1431233 (base 5) to base 13.
10987
What is -100122200 (base 3) in base 8?
-15576
What is 12417 (base 10) in base 3?
122000220
What is 2011220 (base 3) in base 14?
818
What is -1021101 (base 3) in base 6?
-4144
Convert 11557 (base 8) to base 12.
2a67
What is 469 (base 13) in base 15?
35d
-100001110001000 (base 2) to base 5
-1023123
2807 (base 10) to base 5
42212
What is 14104 (base 5) in base 2?
10010000010
What is -2354 (base 7) in base 3?
-1012022
4502 (base 7) to base 6
11255
11245 (base 8) to base 2
1001010100101
Convert 300 (base 6) to base 16.
6c
What is -31214 (base 5) in base 11?
-1602
-6186 (base 9) to base 2
-1000110110101
What is -249b3 (base 13) in base 15?
-15052
Convert -1000111 (base 2) to base 7.
-131
What is 3153 (base 6) in base 13?
432
What is -719a (base 11) in base 2?
-10010101001011
Convert 2423 (base 6) to base 8.
1117
23332230 (base 4) to base 7
263025
Convert -967 (base 12) to base 8.
-2537
What is -44070 (base 9) in base 4?
-13020213
Convert -15071 (base 10) to base 16.
-3adf
What is 1cc (base 13) in base 6?
1321
What is -344 (base 13) in base 6?
-2335
Convert -7659 (base 10) to base 4.
-1313223
What is 1010011011 (base 2) in base 13?
3c4
-638 (base 12) to base 9
-1218
Convert -7733 (base 10) to base 16.
-1e35
Convert -248 (base 13) to base 11.
-332
What is 733 (base 8) in base 10?
475
5bc (base 15) to base 9
1706
1210201 (base 4) to base 5
201213
What is 8517 (base 11) in base 13?
5190
What is 353325 (base 6) in base 7?
155105
-9c4 (base 13) to base 10
-1681
Convert 2226 (base 10) to base 8.
4262
-1233 (base 5) to base 10
-193
-100010100100 (base 2) to base 4
-202210
Convert 10200 (base 5) to base 15.
300
3275 (base 8) to base 7
5013
1a0 (base 12) to base 15
129
What is 11326 (base 9) in base 4?
1312011
Convert -1031 (base 14) to base 3.
-10211020
Convert -213 (base 7) to base 15.
-73
Convert -63a4 (base 12) to base 14.
-3da4
-8466 (base 9) to base 12
-3720
Convert 696 (base 12) to base 5.
12403
-a69 (base 16) to base 7
-10525
1200 (base 9) to base 10
891
Convert -11222 (base 4) to base 10.
-362
Convert 616 (base 8) t